ommon factor of a and j.
1
Let a(u) = 28*u**3 + 7*u**2 - 32*u - 5. Let x be a(4). Suppose -i = 5*t - 371, -12*i = -7*i + 4*t - x. What is the highest common divisor of i and 39?
39
Let u(f) = 9*f**3 - 4*f**2 - 2*f - 14. Suppose -19 = -4*h + 3*m, 0 = 5*h + 5*m - 0*m - 15. Let t be u(h). Calculate the greatest common factor of t and 10.
10
Let p be 156/(-1*-2*8/112). What is the highest common factor of 13 and p?
13
Suppose -14*g - 24461 = -24741. Calculate the greatest common factor of 3125 and g.
5
Let n(b) = -10*b**3 - 5*b**2 + 5*b - 27. Let o be n(-4). Calculate the greatest common factor of o and 133.
19
Let w = 78 - 43. Suppose -9 = 3*o - 3*z, 4*o + 27 = 8*z - 9*z. Let t(y) = -42*y - 242. Let m be t(o). What is the highest common divisor of w and m?
5
Let q(m) = m**3 - 4*m**2 + 140*m - 984. Let r be q(7). What is the greatest common factor of 52 and r?
13
Let n(w) = 4*w**2 - w - 10. Let g be n(-5). Suppose -8*b + 9*b - 13 = -q, 5*q = 5*b - g. Calculate the greatest common factor of 20 and b.
4
Suppose 103*o - 3427 = 444 + 1382. Let p(u) = -2*u - 9. Let s be p(-6). What is the greatest common divisor of s and o?
3
Let y(k) be the first derivative of k**3/3 - 21*k**2/2 + 15*k + 93. Let n be y(0). Let p be (1 - 3/(-2))*2. What is the highest common divisor of p and n?
5
Let t = -8719 + 8991. What is the highest common divisor of 2397 and t?
17
Let d = -697 + 674. Let j(r) = -9*r + 36. Let w be j(d). Calculate the highest common factor of w and 135.
27
Let j(z) = 22*z**2 - 1. Let q be j(1). Let t(r) = -8*r + 124. Let a be t(12). Calculate the greatest common divisor of q and a.
7
Suppose 0 = 11*x - 2*x - 1224. Suppose 4*j = 5 + 7. Let n be 11/(22/40) - j. What is the greatest common divisor of x and n?
17
Let d = -18 - -43. Suppose -284*h + 216*h + 29700 = 526*h. Calculate the greatest common factor of d and h.
25
Let k(l) = 5*l**2 - 4*l + 18. Let w be k(-3). Suppose 4*x + 4*v = 5*x - w, x - v - 66 = 0. What is the highest common factor of x and 21?
21
Let m be 0 - (-2 - 34 - (-5 - -4)). Suppose w = 2*t + m, 4*w - 5*w + 41 = -4*t. What is the greatest common divisor of 1 and w?
1
Let u = -426 - -444. Suppose -2*s - 5*g - 14 = 0, 3*s - 7 = 2*s + g. Let q be (17/s - 5)/(1/u). What is the greatest common divisor of 48 and q?
12
Suppose -20 + 14 = 2*i, -p + 16 = 2*i. Suppose 2*d - 3 = 5. Suppose 93 = d*v + 5. Calculate the highest common factor of v and p.
22
Let i(g) = -g**3 - 11*g**2 + 27*g + 12. Let h be i(-13). Let c be (616/(-110))/(h/40). Calculate the greatest common divisor of 64 and c.
32
Suppose 19 + 1581 = 4*y. Suppose 0 = 4*w - 0*w - 64. What is the greatest common factor of y and w?
16
Let p = -16869 + 18596. Calculate the greatest common factor of p and 77.
11
Let o(g) = -2*g**3 + 23*g**2 + 118*g - 23. Let h be o(-5). What is the highest common divisor of 6731 and h?
53
Let d(y) = 2*y**2 - 25*y + 147. Let o be (-13)/(65/40)*-2. Let c be d(o). Calculate the highest common factor of c and 111.
37
Let w(y) = y**3 + 37*y**2 + 14*y - 68. Let d be w(-36). Let g = 764 - d. What is the greatest common factor of 56 and g?
8
Suppose -55*u + 3045 = -48*u. What is the greatest common divisor of u and 957?
87
Suppose 2*x + 33 = -x. Let m(s) = -s**2 - 14*s - 13. Let f be m(x). What is the greatest common factor of f and 8?
4
Let n(w) = -114*w - 27. Suppose 4*b = -2*o - 12, 5*b - 4*o + 5*o = -15. Let s be n(b). What is the greatest common divisor of 126 and s?
63
Let u = 107 - 53. Let v be 14 + 231 - (0 + -1). Suppose 3*z - u = v. What is the highest common factor of z and 25?
25
Let j be 6992/40 - (-2)/10. Suppose 4*q + 15 = j. What is the highest common divisor of q and 500?
20
Suppose c = -l + 67, -232 = -4*l + 450*c - 448*c. What is the greatest common divisor of l and 35?
1
Let k be (-1628)/(-264) - 1*3/18. Suppose -h + 1662 = 2*q, q + 10*h - 817 = k*h. What is the greatest common divisor of q and 49?
49
Let p(g) = g + 109. Let j be p(4). Suppose 0 = 11*c - 509 + j. Calculate the greatest common factor of c and 135.
9
Suppose x - 318*n + 321*n - 1257 = 0, -5*x = -n - 6189. What is the highest common divisor of x and 708?
177
Let q be ((-4)/10*2)/((-58)/(-145)). Let h be q*(-6)/(-4) - (-151 - -49). Calculate the greatest common factor of 9 and h.
9
Suppose a + 8 = 4*w - a, -4*w + a + 6 = 0. Suppose -v + 25 - 4 = -4*f, f + 14 = 2*v. Calculate the highest common divisor of w and v.
1
Let f(r) = 3*r + 162. Let t be f(0). Let d = t + 253. Suppose 0 = 2*m - 2*s - 172, 5*m + 2*s - 4*s = d. Calculate the highest common factor of m and 9.
9
Let l be ((-264)/30)/11 + (-234)/(-5). Calculate the highest common divisor of l and 782.
46
Suppose 9533 = -14*j - 45*j + 117326. Calculate the greatest common divisor of j and 63.
63
Suppose 2*v + 1 = -k, -5*v - 8 - 5 = -k. Suppose 0 = -2*m + 4, 40 = -k*w + 2*m + 240. Calculate the highest common factor of w and 8.
4
Let t(d) = -3798*d + 3804*d + 11 + 213. Let x be t(0). Calculate the greatest common divisor of x and 14.
14
Suppose -29*k + 4410 = 69*k. Calculate the greatest common divisor of k and 405.
45
Suppose 2*s + 1 = -k, 3*k + 3 = -4*s - 0. Let m be -3*(2 + k) + (-45)/3. Let t be (-7040)/(-90) - (14/m - -1). Calculate the highest common divisor of 26 and t.
26
Let b(d) = -2*d**2 - 42*d + 24. Let s be b(-12). Calculate the highest common factor of s and 45.
15
Let l = -16050 - -40678. Calculate the highest common divisor of 188 and l.
188
Suppose 0 = -9*x + 2*x - 217. Let g = x - -34. Suppose m + 2*m = g*n - 39, m + 45 = 3*n. Calculate the highest common divisor of 16 and n.
16
Let w(g) = -6*g**3 + 8*g**2 + 29*g + 10. Let n be w(3). What is the greatest common factor of n and 28805?
7
Let t be 2*(6 + (-18)/12). Suppose o - 2*i = 120, -o - o = 3*i - 261. Let j be (12/7)/(12/o). Calculate the highest common divisor of t and j.
9
Let x be ((-40)/5)/4 - 2. Let l be (9 - -3) + (-2 - (x + 4)). Calculate the greatest common divisor of l and 170.
10
Let o(r) = -66*r - 128. Let s be o(-2). What is the highest common divisor of 324 and s?
4
Suppose -5086*l + 4925*l + 1932 = 0. Suppose -5*o = 2*r - 67, -5*r + 2*o - 121 = -303. What is the greatest common divisor of l and r?
12
Suppose 253*l - 115*l = 134*l + 384. What is the highest common divisor of l and 5232?
48
Let y be 9*(2 - ((-16)/3)/(-4)). Let d(r) = r**3 - 7*r**2 + 6*r. Let q be d(y). Suppose q = 3*k - 42 - 51. What is the greatest common factor of k and 62?
31
Let n be (24/6 - (1 - 0))*-1. Let w be ((-1 - n) + (-5 - -1))*-4. Suppose 5*t + 1 - 41 = 0. Calculate the greatest common divisor of t and w.
8
Suppose a - 3*a = 2*w - 178, w = 3*a - 271. Suppose 10*o - a = 5*o. Calculate the greatest common divisor of 72 and o.
18
Suppose -110501*q + 110599*q = 1274. Suppose 0 = -0*y + y - 3. Calculate the highest common factor of y and q.
1
Let t be 20*((-55)/25 - -3). What is the greatest common divisor of t and 1016?
8
Suppose 37*v + 20935 - 78433 = 0. What is the greatest common divisor of v and 70?
14
Let y(d) be the first derivative of d**4/4 + d**3/3 - 6*d**2 + 30*d + 14. Let m be y(4). Calculate the highest common divisor of m and 310.
62
Let n = 29267 - 28643. What is the highest common factor of n and 1014?
78
Let j be -2*(-3)/(-6)*(-2 - 2). Suppose 0 = -j*f - 3*t + 37, 9 = -2*t + 5*t. Calculate the highest common divisor of f and 77.
7
Let i = -15 - -17. Suppose -i*h - 40 = -g + 29, -4*h - 140 = -4*g. Let n = -8 - h. Calculate the highest common divisor of 182 and n.
26
Suppose h - 18 = 10. Suppose -4*n + 11*n = h. Calculate the greatest common divisor of n and 2.
2
Let u be 2*(-4)/8*-5. Suppose -1735*k = -1761*k + 12610. Calculate the greatest common factor of u and k.
5
Let o be (89 - 90)/(1/(-523)) - -11. What is the greatest common factor of o and 102?
6
Suppose 63*t = 94*t - 2108. Suppose 9*c - 56 - 97 = 0. Calculate the greatest common divisor of c and t.
17
Suppose -122*a + 524 = -124*a. Let z = a + 366. Suppose 4*y - 104 = -0*y. What is the greatest common divisor of z and y?
26
Suppose -r = -42 - 5. Let b be r - (5 + -4)/((-3)/15). What is the highest common divisor of 156 and b?
52
Let w(x) = 249*x**3 + 1. Let i be w(-1). Let c = i + 138. Let z = -58 - c. What is the highest common factor of 26 and z?
26
Suppose -7*w + 216 = 20. Suppose -w*o =